{"id":150,"date":"2021-08-03T14:17:33","date_gmt":"2021-08-03T14:17:33","guid":{"rendered":"https:\/\/satoribudo.be\/?page_id=150"},"modified":"2021-08-11T18:05:20","modified_gmt":"2021-08-11T18:05:20","slug":"manifestations","status":"publish","type":"page","link":"https:\/\/satoribudo.be\/?page_id=150","title":{"rendered":"Manifestations"},"content":{"rendered":"\n<p class=\"has-text-align-right has-black-color has-text-color\"><strong>Le Satori Budo organise \u00e9galement diff\u00e9rentes activit\u00e9s annexes. Voici quelques photos qui montrent que l&rsquo;esprit familial est pour nous primordial pour le bon fonctionnement de notre Club<\/strong>.<\/p>\n\n\n\n<figure class=\"wp-block-gallery aligncenter columns-3 is-cropped wp-block-gallery-1 is-layout-flex wp-block-gallery-is-layout-flex\"><ul class=\"blocks-gallery-grid\"><li class=\"blocks-gallery-item\"><figure><img loading=\"lazy\" decoding=\"async\" width=\"1024\" height=\"768\" src=\"https:\/\/satoribudo.be\/wp-content\/uploads\/2021\/08\/P1060925-1024x768.jpg\" alt=\"\" data-id=\"282\" data-full-url=\"https:\/\/satoribudo.be\/wp-content\/uploads\/2021\/08\/P1060925-scaled.jpg\" data-link=\"https:\/\/satoribudo.be\/index.php\/manifestations\/p1060925\/\" class=\"wp-image-282\" srcset=\"https:\/\/satoribudo.be\/wp-content\/uploads\/2021\/08\/P1060925-1024x768.jpg 1024w, https:\/\/satoribudo.be\/wp-content\/uploads\/2021\/08\/P1060925-300x225.jpg 300w, https:\/\/satoribudo.be\/wp-content\/uploads\/2021\/08\/P1060925-768x576.jpg 768w, https:\/\/satoribudo.be\/wp-content\/uploads\/2021\/08\/P1060925-1536x1152.jpg 1536w, https:\/\/satoribudo.be\/wp-content\/uploads\/2021\/08\/P1060925-2048x1536.jpg 2048w\" sizes=\"auto, (max-width: 1024px) 100vw, 1024px\" \/><\/figure><\/li><li class=\"blocks-gallery-item\"><figure><img loading=\"lazy\" decoding=\"async\" width=\"1024\" height=\"768\" src=\"https:\/\/satoribudo.be\/wp-content\/uploads\/2021\/08\/P1060916-1024x768.jpg\" alt=\"\" data-id=\"281\" data-full-url=\"https:\/\/satoribudo.be\/wp-content\/uploads\/2021\/08\/P1060916-scaled.jpg\" data-link=\"https:\/\/satoribudo.be\/index.php\/manifestations\/p1060916\/\" class=\"wp-image-281\" srcset=\"https:\/\/satoribudo.be\/wp-content\/uploads\/2021\/08\/P1060916-1024x768.jpg 1024w, https:\/\/satoribudo.be\/wp-content\/uploads\/2021\/08\/P1060916-300x225.jpg 300w, https:\/\/satoribudo.be\/wp-content\/uploads\/2021\/08\/P1060916-768x576.jpg 768w, https:\/\/satoribudo.be\/wp-content\/uploads\/2021\/08\/P1060916-1536x1152.jpg 1536w, https:\/\/satoribudo.be\/wp-content\/uploads\/2021\/08\/P1060916-2048x1536.jpg 2048w\" sizes=\"auto, (max-width: 1024px) 100vw, 1024px\" \/><\/figure><\/li><li class=\"blocks-gallery-item\"><figure><img loading=\"lazy\" decoding=\"async\" width=\"1024\" height=\"768\" src=\"https:\/\/satoribudo.be\/wp-content\/uploads\/2021\/08\/P1060933-1024x768.jpg\" alt=\"\" data-id=\"280\" data-full-url=\"https:\/\/satoribudo.be\/wp-content\/uploads\/2021\/08\/P1060933-scaled.jpg\" data-link=\"https:\/\/satoribudo.be\/index.php\/manifestations\/p1060933\/\" class=\"wp-image-280\" srcset=\"https:\/\/satoribudo.be\/wp-content\/uploads\/2021\/08\/P1060933-1024x768.jpg 1024w, https:\/\/satoribudo.be\/wp-content\/uploads\/2021\/08\/P1060933-300x225.jpg 300w, https:\/\/satoribudo.be\/wp-content\/uploads\/2021\/08\/P1060933-768x576.jpg 768w, https:\/\/satoribudo.be\/wp-content\/uploads\/2021\/08\/P1060933-1536x1152.jpg 1536w, https:\/\/satoribudo.be\/wp-content\/uploads\/2021\/08\/P1060933-2048x1536.jpg 2048w\" sizes=\"auto, (max-width: 1024px) 100vw, 1024px\" \/><\/figure><\/li><\/ul><figcaption class=\"blocks-gallery-caption\"><strong>D\u00e9monstration Full-contact<\/strong><\/figcaption><\/figure>\n\n\n\n<figure class=\"wp-block-gallery aligncenter columns-3 is-cropped wp-block-gallery-2 is-layout-flex wp-block-gallery-is-layout-flex\"><ul class=\"blocks-gallery-grid\"><li class=\"blocks-gallery-item\"><figure><img loading=\"lazy\" decoding=\"async\" width=\"1024\" height=\"768\" src=\"https:\/\/satoribudo.be\/wp-content\/uploads\/2021\/08\/IMG_2533-1024x768.jpg\" alt=\"\" data-id=\"283\" data-full-url=\"https:\/\/satoribudo.be\/wp-content\/uploads\/2021\/08\/IMG_2533-scaled.jpg\" data-link=\"https:\/\/satoribudo.be\/index.php\/manifestations\/img_2533\/\" class=\"wp-image-283\" srcset=\"https:\/\/satoribudo.be\/wp-content\/uploads\/2021\/08\/IMG_2533-1024x768.jpg 1024w, https:\/\/satoribudo.be\/wp-content\/uploads\/2021\/08\/IMG_2533-300x225.jpg 300w, https:\/\/satoribudo.be\/wp-content\/uploads\/2021\/08\/IMG_2533-768x576.jpg 768w, https:\/\/satoribudo.be\/wp-content\/uploads\/2021\/08\/IMG_2533-1536x1152.jpg 1536w, https:\/\/satoribudo.be\/wp-content\/uploads\/2021\/08\/IMG_2533-2048x1536.jpg 2048w\" sizes=\"auto, (max-width: 1024px) 100vw, 1024px\" \/><\/figure><\/li><li class=\"blocks-gallery-item\"><figure><img loading=\"lazy\" decoding=\"async\" width=\"1024\" height=\"768\" src=\"https:\/\/satoribudo.be\/wp-content\/uploads\/2021\/08\/IMG_2554-1024x768.jpg\" alt=\"\" data-id=\"284\" data-full-url=\"https:\/\/satoribudo.be\/wp-content\/uploads\/2021\/08\/IMG_2554-scaled.jpg\" data-link=\"https:\/\/satoribudo.be\/index.php\/manifestations\/img_2554\/\" class=\"wp-image-284\" srcset=\"https:\/\/satoribudo.be\/wp-content\/uploads\/2021\/08\/IMG_2554-1024x768.jpg 1024w, https:\/\/satoribudo.be\/wp-content\/uploads\/2021\/08\/IMG_2554-300x225.jpg 300w, https:\/\/satoribudo.be\/wp-content\/uploads\/2021\/08\/IMG_2554-768x576.jpg 768w, https:\/\/satoribudo.be\/wp-content\/uploads\/2021\/08\/IMG_2554-1536x1152.jpg 1536w, https:\/\/satoribudo.be\/wp-content\/uploads\/2021\/08\/IMG_2554-2048x1536.jpg 2048w\" sizes=\"auto, (max-width: 1024px) 100vw, 1024px\" \/><\/figure><\/li><li class=\"blocks-gallery-item\"><figure><img loading=\"lazy\" decoding=\"async\" width=\"1024\" height=\"768\" src=\"https:\/\/satoribudo.be\/wp-content\/uploads\/2021\/08\/IMG_2527-1024x768.jpg\" alt=\"\" data-id=\"285\" data-full-url=\"https:\/\/satoribudo.be\/wp-content\/uploads\/2021\/08\/IMG_2527-scaled.jpg\" data-link=\"https:\/\/satoribudo.be\/index.php\/manifestations\/img_2527\/\" class=\"wp-image-285\" srcset=\"https:\/\/satoribudo.be\/wp-content\/uploads\/2021\/08\/IMG_2527-1024x768.jpg 1024w, https:\/\/satoribudo.be\/wp-content\/uploads\/2021\/08\/IMG_2527-300x225.jpg 300w, https:\/\/satoribudo.be\/wp-content\/uploads\/2021\/08\/IMG_2527-768x576.jpg 768w, https:\/\/satoribudo.be\/wp-content\/uploads\/2021\/08\/IMG_2527-1536x1152.jpg 1536w, https:\/\/satoribudo.be\/wp-content\/uploads\/2021\/08\/IMG_2527-2048x1536.jpg 2048w\" sizes=\"auto, (max-width: 1024px) 100vw, 1024px\" \/><\/figure><\/li><\/ul><figcaption class=\"blocks-gallery-caption\">Journ\u00e9e Portes ouvertes : sp\u00e9cial \u00ab\u00a0Parents\u00a0\u00bb<\/figcaption><\/figure>\n\n\n\n<figure class=\"wp-block-gallery aligncenter columns-3 is-cropped wp-block-gallery-3 is-layout-flex wp-block-gallery-is-layout-flex\"><ul class=\"blocks-gallery-grid\"><li class=\"blocks-gallery-item\"><figure><img loading=\"lazy\" decoding=\"async\" width=\"1024\" height=\"768\" src=\"https:\/\/satoribudo.be\/wp-content\/uploads\/2021\/08\/DSCF1004-1024x768.jpg\" alt=\"\" data-id=\"286\" data-full-url=\"https:\/\/satoribudo.be\/wp-content\/uploads\/2021\/08\/DSCF1004.jpg\" data-link=\"https:\/\/satoribudo.be\/index.php\/manifestations\/dscf1004\/\" class=\"wp-image-286\" srcset=\"https:\/\/satoribudo.be\/wp-content\/uploads\/2021\/08\/DSCF1004-1024x768.jpg 1024w, https:\/\/satoribudo.be\/wp-content\/uploads\/2021\/08\/DSCF1004-300x225.jpg 300w, https:\/\/satoribudo.be\/wp-content\/uploads\/2021\/08\/DSCF1004-768x576.jpg 768w, https:\/\/satoribudo.be\/wp-content\/uploads\/2021\/08\/DSCF1004-1536x1152.jpg 1536w, https:\/\/satoribudo.be\/wp-content\/uploads\/2021\/08\/DSCF1004.jpg 2048w\" sizes=\"auto, (max-width: 1024px) 100vw, 1024px\" \/><\/figure><\/li><li class=\"blocks-gallery-item\"><figure><img loading=\"lazy\" decoding=\"async\" width=\"1024\" height=\"683\" src=\"https:\/\/satoribudo.be\/wp-content\/uploads\/2021\/08\/IMG_0103-1024x683.jpg\" alt=\"\" data-id=\"288\" data-full-url=\"https:\/\/satoribudo.be\/wp-content\/uploads\/2021\/08\/IMG_0103-scaled.jpg\" data-link=\"https:\/\/satoribudo.be\/index.php\/manifestations\/img_0103\/\" class=\"wp-image-288\" srcset=\"https:\/\/satoribudo.be\/wp-content\/uploads\/2021\/08\/IMG_0103-1024x683.jpg 1024w, https:\/\/satoribudo.be\/wp-content\/uploads\/2021\/08\/IMG_0103-300x200.jpg 300w, https:\/\/satoribudo.be\/wp-content\/uploads\/2021\/08\/IMG_0103-768x512.jpg 768w, https:\/\/satoribudo.be\/wp-content\/uploads\/2021\/08\/IMG_0103-1536x1024.jpg 1536w, https:\/\/satoribudo.be\/wp-content\/uploads\/2021\/08\/IMG_0103-2048x1365.jpg 2048w\" sizes=\"auto, (max-width: 1024px) 100vw, 1024px\" \/><\/figure><\/li><li class=\"blocks-gallery-item\"><figure><img loading=\"lazy\" decoding=\"async\" width=\"1024\" height=\"683\" src=\"https:\/\/satoribudo.be\/wp-content\/uploads\/2021\/08\/IMG_9825-1024x683.jpg\" alt=\"\" data-id=\"287\" data-full-url=\"https:\/\/satoribudo.be\/wp-content\/uploads\/2021\/08\/IMG_9825-scaled.jpg\" data-link=\"https:\/\/satoribudo.be\/index.php\/manifestations\/img_9825\/\" class=\"wp-image-287\" srcset=\"https:\/\/satoribudo.be\/wp-content\/uploads\/2021\/08\/IMG_9825-1024x683.jpg 1024w, https:\/\/satoribudo.be\/wp-content\/uploads\/2021\/08\/IMG_9825-300x200.jpg 300w, https:\/\/satoribudo.be\/wp-content\/uploads\/2021\/08\/IMG_9825-768x512.jpg 768w, https:\/\/satoribudo.be\/wp-content\/uploads\/2021\/08\/IMG_9825-1536x1024.jpg 1536w, https:\/\/satoribudo.be\/wp-content\/uploads\/2021\/08\/IMG_9825-2048x1365.jpg 2048w\" sizes=\"auto, (max-width: 1024px) 100vw, 1024px\" \/><\/figure><\/li><\/ul><figcaption class=\"blocks-gallery-caption\">Souper de fin d&rsquo;ann\u00e9e<\/figcaption><\/figure>\n","protected":false},"excerpt":{"rendered":"<p>Le Satori Budo organise \u00e9galement diff\u00e9rentes activit\u00e9s annexes. Voici quelques photos qui montrent que l&rsquo;esprit familial est pour nous primordial pour le bon fonctionnement de notre Club.<\/p>\n","protected":false},"author":1,"featured_media":0,"parent":0,"menu_order":0,"comment_status":"closed","ping_status":"closed","template":"","meta":{"footnotes":""},"class_list":["post-150","page","type-page","status-publish","hentry"],"_links":{"self":[{"href":"https:\/\/satoribudo.be\/index.php?rest_route=\/wp\/v2\/pages\/150","targetHints":{"allow":["GET"]}}],"collection":[{"href":"https:\/\/satoribudo.be\/index.php?rest_route=\/wp\/v2\/pages"}],"about":[{"href":"https:\/\/satoribudo.be\/index.php?rest_route=\/wp\/v2\/types\/page"}],"author":[{"embeddable":true,"href":"https:\/\/satoribudo.be\/index.php?rest_route=\/wp\/v2\/users\/1"}],"replies":[{"embeddable":true,"href":"https:\/\/satoribudo.be\/index.php?rest_route=%2Fwp%2Fv2%2Fcomments&post=150"}],"version-history":[{"count":5,"href":"https:\/\/satoribudo.be\/index.php?rest_route=\/wp\/v2\/pages\/150\/revisions"}],"predecessor-version":[{"id":367,"href":"https:\/\/satoribudo.be\/index.php?rest_route=\/wp\/v2\/pages\/150\/revisions\/367"}],"wp:attachment":[{"href":"https:\/\/satoribudo.be\/index.php?rest_route=%2Fwp%2Fv2%2Fmedia&parent=150"}],"curies":[{"name":"wp","href":"https:\/\/api.w.org\/{rel}","templated":true}]}}